k) = -k**2 + 40*k + 272. Calculate i(46).
-4
Let y(o) = 8*o - 11. Determine y(0).
-11
Let m(d) = 3*d**3 - 3*d**2 - 192*d - 381. Determine m(-2).
-33
Let w(u) = -3*u**3 - 6*u**2 + 19*u - 25. What is w(-4)?
-5
Let j(q) = -927*q - 1847. Calculate j(-2).
7
Let s(r) = 448*r - 63174. What is s(141)?
-6
Let u(w) = -w**3 + 12*w**2 - 2410*w + 28916. Calculate u(12).
-4
Let r(s) = -s**3 - 47*s**2 + 1996*s - 163. Determine r(-74).
-15
Let l(w) = -2*w**2 + 64*w - 40. Give l(11).
422
Let c(l) = l**3 + 22*l**2 + 19*l + 58. What is c(-21)?
100
Let s(q) = q**3 + 2*q**2 - 6*q - 14. Calculate s(-4).
-22
Let h(c) = 62*c**2 - 7*c - 4. Determine h(-2).
258
Let a(p) = 80*p - 39. What is a(2)?
121
Let z(w) = 6*w**3 - 4*w**2 + 47*w + 49. Calculate z(-1).
-8
Let z(p) = -11*p**2 + 191*p - 382. Determine z(15).
8
Let d(v) = -3*v**3 - 30*v**2 - 69*v - 10. Determine d(-3).
8
Let c(a) = -270*a + 5. Determine c(1).
-265
Let i(h) = -h**2 - 20*h + 136. What is i(6)?
-20
Let a(m) = 29*m**2 + 1023*m + 293. Determine a(-35).
13
Let h(u) = 4*u**3 - u**2 - 56*u + 5. What is h(0)?
5
Let j(y) = 6*y**3 - y**2 + 52*y - 121. Determine j(2).
27
Let o(u) = 3*u**2 + 178*u - 312. Give o(-61).
-7
Let k(y) = 3*y**3 + 4*y**2 + 85*y - 88. Determine k(1).
4
Let a(c) = -c**3 + 6*c**2 - 9*c + 42. Give a(4).
38
Let y(x) = x**3 - 32*x**2 - 2*x + 107. What is y(32)?
43
Let w(j) = 52*j**2 - 46*j - 56. Calculate w(2).
60
Let x(h) = 46*h - 2706. Give x(59).
8
Let v(x) = -120*x - 11271. Calculate v(-94).
9
Let x(b) = -4*b**3 + 28*b**2 + 2*b - 12. Determine x(7).
2
Let u(r) = 2*r**3 - 25*r**2 + 52*r - 216. Give u(11).
-7
Let b(c) = -2*c**3 + 12*c**2 - 14*c + 27. Give b(8).
-341
Let g(o) = -29*o + 342. Calculate g(36).
-702
Let d(b) = -43*b**2 - 2154*b + 30. Give d(-50).
230
Let g(h) = 161*h - 1282. Give g(8).
6
Let o(h) = 7*h + 87. Calculate o(-28).
-109
Let o(l) = -3*l**2 + 120*l - 122. Determine o(39).
-5
Let v(u) = -3*u**3 + 346*u**2 + 591*u - 692. Determine v(117).
10
Let q(g) = -2*g**3 - 176*g**2 + 362*g + 188. Give q(-90).
8
Let p(u) = 147*u - 211. Give p(6).
671
Let a(t) = -3*t**3 - 14*t**2 - 3*t - 2. Give a(-2).
-28
Let k(w) = 1168*w - 6959. Calculate k(6).
49
Let s(j) = 18*j - 45. Give s(9).
117
Let s(b) = -252*b - 1010. Calculate s(-4).
-2
Let k(v) = -2*v**3 - 14*v**2 + 23*v - 61. What is k(-9)?
56
Let l(v) = 31*v - 71. What is l(0)?
-71
Let a(f) = -2*f**2 + 5*f + 1. Give a(-4).
-51
Let l(u) = -2*u**2 - 96*u - 508. Calculate l(-45).
-238
Let c(q) = 23*q**2 + 319*q - 40. Determine c(-14).
2
Let k(d) = 120*d**2 - 352*d - 23. What is k(3)?
1
Let f(h) = -4*h**3 - 47*h**2 - 9*h + 22. Calculate f(-11).
-242
Let g(b) = b**3 + 15*b**2 + 59*b + 631. Give g(-14).
1
Let r(h) = -h**3 - 51*h**2 - 7*h - 63. Determine r(-51).
294
Let b(f) = f - 3. Determine b(24).
21
Let p(d) = -d**3 + 11*d**2 - 3*d - 20. Give p(8).
148
Let m(a) = -a**2 + 446*a - 4358. Calculate m(10).
2
Let h(t) = 859*t - 2582. What is h(3)?
-5
Let n(w) = -9*w**2 - 18*w - 22. Calculate n(-3).
-49
Let k(q) = -165*q**2 + 16*q - 4. Determine k(-1).
-185
Let i(a) = 6*a**2 + 68*a - 22. Give i(-12).
26
Let d(t) = -t**3 + 3*t**2 + 52. What is d(0)?
52
Let a(d) = 4*d**3 - 3*d**2 + 3*d - 11. What is a(3)?
79
Let c(h) = 9*h**3 + 2*h**2 - h + 9. Determine c(-3).
-213
Let k(a) = -390*a + 2013. Determine k(5).
63
Let l(d) = d**3 - 14*d**2 + 32*d + 57. Determine l(11).
46
Let k(n) = 652*n - 653. Determine k(1).
-1
Let t(a) = -a**3 + 36*a**2 + 80*a - 146. Give t(38).
6
Let g(s) = -s**2 - 43*s + 6. Give g(-44).
-38
Let d(c) = -20*c**2 + 7*c - 12. What is d(2)?
-78
Let b(z) = 197*z**2 + 989*z - 3. What is b(-5)?
-23
Let c(k) = 39*k - 255. Determine c(6).
-21
Let v(j) = -j**3 - 10*j**2 + 7*j + 20. Determine v(-9).
-124
Let o(v) = -v**2 - 13*v - 38. Determine o(-5).
2
Let q(v) = v**3 - 7*v**2 + v - 42. Determine q(7).
-35
Let m(b) = 41*b - 2363. What is m(57)?
-26
Let w(d) = -d - 27. Determine w(9).
-36
Let c(a) = -9*a**3 - 35*a**2 - 3*a - 13. What is c(0)?
-13
Let t(u) = 1746*u + 96027. Determine t(-55).
-3
Let w(i) = -i**3 - 27*i**2 + 580*i + 245. Calculate w(-41).
-1
Let b(d) = -1198*d + 35874. What is b(30)?
-66
Let m(i) = 217*i + 5845. Calculate m(-27).
-14
Let p(x) = -15*x**2 + 123*x - 25. Give p(8).
-1
Let g(w) = w**3 + 31*w**2 - 102*w - 15. Calculate g(-34).
-15
Let r(c) = 191*c - 21. What is r(1)?
170
Let n(q) = q**3 + 57*q**2 + 214*q - 7. What is n(-53)?
-113
Let u(j) = j**3 + 46*j**2 - 74*j - 3410. Give u(-46).
-6
Let o(h) = -h**2 - 213*h - 10791. What is o(-83)?
-1
Let t(o) = -2*o**3 + 3*o**2 - 4*o - 56. Calculate t(-3).
37
Let m(q) = -q**3 + 75*q**2 + 160*q - 459. Give m(77).
3
Let x(d) = -15*d - 185. What is x(0)?
-185
Let j(y) = 60*y + 305. Give j(-5).
5
Let y(o) = -60*o - 123. Determine y(-2).
-3
Let j(h) = 3*h**3 + 176*h**2 + 116*h + 7. Give j(-58).
7
Let a(p) = -84*p - 2350. Give a(-28).
2
Let t(x) = -33*x - 4. Give t(-12).
392
Let d(m) = m**2 + 30*m + 148. Determine d(-27).
67
Let b(z) = -8*z**2 + 119*z + 27. Determine b(15).
12
Let i(f) = -f**3 - 36*f**2 + 637*f - 22. Calculate i(13).
-22
Let f(n) = -n**2 - 2*n + 623. Determine f(-26).
-1
Let t(r) = 53*r + 533. Give t(-13).
-156
Let h(p) = 29*p**2 + 146*p + 6. What is h(-5)?
1
Let l(w) = w**3 + 66*w**2 + 1084*w - 26. Give l(-31).
5
Let u(s) = -13*s**2 + 2220*s - 8678. Calculate u(4).
-6
Let d(n) = 671*n - 11469. Calculate d(17).
-62
Let b(l) = 2*l**2 - 66*l + 459. What is b(26)?
95
Let h(f) = -f**3 + 8*f + 21. What is h(0)?
21
Let m(x) = x**3 - 22*x**2 + 108*x + 26. Calculate m(12).
-118
Let p(y) = -22*y + 83. Give p(2).
39
Let a(h) = -5*h**2 + 60*h - 199. Give a(6).
-19
Let z(x) = 404*x - 3590. Give z(9).
46
Let n(p) = p**2 - 21*p - 172. Determine n(-7).
24
Let u(i) = 2*i**3 - 65*i**2 - 40*i + 226. Give u(33).
-5
Let c(g) = 5*g**3 - 40*g**2 - 6*g + 54. What is c(8)?
6
Let l(s) = -116*s + 13137. Calculate l(113).
29
Let g(a) = -a**2 + 449*a - 1326. Calculate g(3).
12
Let i(l) = 2*l**3 + 80*l**2 + 152*l + 26. Determine i(-38).
26
Let u(b) = b**3 - 48*b**2 - 19*b + 1088. Determine u(48).
176
Let s(h) = 597*h + 5959. What is s(-10)?
-11
Let u(n) = 13*n**2 - 105*n + 11. Determine u(8).
3
Let g(a) = -a**3 + 17*a**2 - 65*a + 176. Calculate g(13).
7
Let y(u) = -2*u**3 + 15*u**2 + 34*u + 155. Calculate y(10).
-5
Let s(z) = 3*z**2 - 14*z + 40. Determine s(4).
32
Let v(z) = 3232*z**2 + 71104*z + 4. Give v(-22).
4
Let g(m) = -12*m**2 + 631*m + 2301. Determine g(56).
5
Let l(r) = -2*r**2 + 118*r - 51. What is l(57)?
177
Let x(h) = -h**2 + 5605*h + 16817. What is x(-3)?
-7
Let r(b) = -42*b - 1026. Calculate r(-35).
444
Let j(y) = y**3 + 61*y**2 + 121*y + 175. Give j(-59).
-2
Let k(b) = -61*b**2 - 341*b + 8. Give k(-5).
188
Let c(f) = -f**2 + 35*f - 72. Calculate c(31).
52
Let p(q) = -4836*q + 5. Give p(0).
5
Let x(g) = 764*g + 88629. Calculate x(-116).
5
Let j(o) = -o**2 + 102*o - 342. Calculate j(3).
-45
Let q(g) = 74*g**2 - 2809*g - 36. Determine q(38).
78
Let a(o) = -o**3 - 40*o**2 - 250*o + 201. What is a(-32)?
9
Let c(s) = -3*s**2 + 20*s + 18. Determine c(8).
-14
Let b(c) = 48*c - 729. Calculate b(15).
-9
Let s(n) = -1129*n + 1153. Calculate s(1).
24
Let v(k) = 12*k + 867. Give v(-79).
-81
Let u(w) = 2*w**2 + 53*w - 214. What is u(-29)?
-69
Let t(w) = -6*w**2 - 483*w - 142. What is t(-80)?
98
Let n(s) = s**2 - 421*s + 1259. Calculate n(3).
5
Let m(c) = -c**2 + 27*c - 401. Calculate m(39).
-869
Let r(d) = 122*d + 2558. Determine r(-21).
-4
Let a(z) = -59*z**2 - 49*z - 140. What is a(-3)?
-524
Let j(k) = -2*k**3 + 10*k**2 - 27*k + 331. What is j(8)?
-269
Let y(s) = s**3 + 8*s**2 - 24*s - 14. Calculate y(-9).
121
Let r(q) = -q**2 - 39*q - 636. What is r(-13)?
-298
Let c(i) = 6*i**3 + 64*i**2 - 18*i + 54. Give c(-11).
10
Let l(t) = -123*t + 1938. Determine l(15).
93
Let j(n) = -12*n + 479. Determine j(41).
-13
Let x(a) = 326*a - 307. Give x(1).
19
Let x(m) = 653*m + 9798. Determine x(-15).
3
Let w(l) = -109*l + 752. What is w(7)?
-11
Let j(h) = -h**2 + 29*h - 28. Give j(4).
72
Let s(b) = -b**3 + 20*b**2 - 85*b. Determine s(14).
-14
Let m(k) = -11*k**2 - 101*k - 758. Calculate m(-8).
-654
Let i(y) = -4*y**2 + 30*y + 181. Give i(11).
27
Let b(z) = 81*z**2 - 514*z + 26. Give b(6).
-142
Let l(h) = h**3 - 3*h**2 - 99*h + 530. Determine l(6).
44
Let i(j) = j**3 - 7*j**2 + j. What is i(2)?
-18
Let h(k) =